 s + 1. Let u(l) = l**3 - 6*l**2 - 7*l + 2. Suppose 0*w - 3*w + 3*g = -12, -44 = -5*w - 3*g. Let y be u(w). Suppose -3*v + 2*v = y. Give c(v).
3
Suppose 4*z + 12 = c, 0 = -c + 4*c - 5*z - 22. Let u = 4 - c. Let a(t) = t**2 + 2 + t**3 - 1 + t + 5. Calculate a(u).
6
Let t(k) be the second derivative of 5*k**5/4 - k**4/12 + 9*k. Calculate t(1).
24
Let q(l) = -2*l + 2. Let w be (-20)/(-9) - (-4)/(-18). Suppose -k = w*m - 10, -m + 4*m - k = 5. Calculate q(m).
-4
Suppose i + 13 = 4*q, -i + 2*q = 6 - 1. Suppose -c = i*c. Let n(j) = 1 + 8*j**2 + c - j + 0*j**2. What is n(1)?
8
Let b(a) be the first derivative of -a**4/12 - a**3/6 + a**2/2 - 2. Let o(t) be the second derivative of b(t). Give o(-1).
1
Let n be -30*10/(-60)*4/10. Let b(z) = -z**2 - z**3 + 0*z**3 + 2*z**2. What is b(n)?
-4
Let p(k) = -k**2 - 3*k + 1. Let n be -2 + -10*(-1)/2. Suppose -1 = n*u + 14. Determine p(u).
-9
Suppose 0 = q - 2*q - 5. Let p(l) = 0*l - 7 - 2*l - l. Determine p(q).
8
Let r(j) = j**3 - 2*j**2 - 16*j - 11. Let s(c) = c**3 - c**2 - 14*c - 10. Let n(b) = 5*r(b) - 6*s(b). Determine n(-5).
10
Let s(y) = -y**2 + 1. Let r(x) = 2*x**3 - x**2 - x + 1. Let l(z) = r(z) - s(z). Let h be l(1). Let j be (h/2)/(1/4). Let d(f) = 2*f + 1. Determine d(j).
5
Let z(o) be the third derivative of 4/3*o**3 + 0 - 8*o**2 + 1/24*o**4 + 0*o. Calculate z(-6).
2
Let o be 3*(-1 + (-5)/(-3)). Let y(g) = 5*g**3 - 2*g**2 - 8*g + 8. Let c(p) = 3*p**3 - p**2 - 5*p + 5. Let u(k) = 8*c(k) - 5*y(k). What is u(o)?
0
Let n be 2*1/(-2) + 2. Let a(p) = -10*p - 1. What is a(n)?
-11
Let p(o) = o - 4. Suppose -8*a + 10*a = 12. What is p(a)?
2
Suppose 2*b + 5 = -w, 0*b = 4*w + 3*b - 5. Let l(i) = -i**2 + 5*i + 7. Give l(w).
7
Let w(v) be the first derivative of v**3/3 - 12*v + 3. Let u = -1 - -1. Calculate w(u).
-12
Let v(n) = 2*n**3 + 3*n**2 - 2*n. Let h(b) = -b**3 + b**2 + b - 1. Let r(t) = -h(t) - v(t). Let s be -6*((-14)/3)/(-7). Calculate r(s).
-3
Let w(d) = 22*d**2 - 8*d**2 - 12*d**2 + 1 - 3 + 2*d. What is w(-2)?
2
Let o = 4 + -1. Suppose o*r = 2*r + 3. Let h(d) = 2*d - d + 0*d. What is h(r)?
3
Let o(j) = -19*j**2 - 2*j**2 - 1 + 22*j**2 - 9*j. Calculate o(10).
9
Let c(q) = q - 1. Let n be c(3). Let j(s) = s**3 - s**2 + 2*s - 3. Determine j(n).
5
Let g be (0 + -3)/((-6)/4). Let i(w) = 2*w**2 + 21*w + 12. Let q be i(-10). Let c(u) = -3*u**2 + 6*u**q - u**g - 3*u**2. What is c(2)?
-4
Let k = 6 - 3. Let l(f) = -2*f**3 - 4*f**2 + f - 1. Let h(r) = r**3 + 3*r**2 - r + 1. Let s(i) = k*h(i) + 2*l(i). Calculate s(2).
-5
Let z(w) be the first derivative of w**7/840 - w**6/72 - w**3/3 - 3. Let y(r) be the third derivative of z(r). What is y(5)?
0
Suppose 0 = 2*w - 4. Let m(o) = -2*o**2 + 0*o**2 + 3*o**w + 8 + o. Let u be (0/(-1))/((-6)/6). Determine m(u).
8
Let d(l) = l**2 + 5*l - 6. Let o(x) = -1. Let m(s) = d(s) - 5*o(s). Let g be m(-6). Let v(r) = r. Give v(g).
5
Let k = -2 - -2. Let h(q) = q + 12. Let r(i) = i + 12. Let o(m) = -6*h(m) + 5*r(m). Give o(k).
-12
Let w(j) = j**3 - j**2 - j + 5. Let i(r) = -r**3 + r**2 + r - 4. Let q(x) = 3*i(x) + 2*w(x). Let n = -6 - -13. Suppose -1 = 3*k - n. Give q(k).
-4
Suppose 10 = -5*q - 0*q. Let b be (6/(-4))/((-7)/(-14)) + 2. Let i be q/(-3)*(4 + b). Let x(f) = 2*f**3 - 2*f**2 - f. What is x(i)?
6
Let w(b) be the third derivative of b**5/60 + b**4/24 - 4*b**3/3 - 8*b**2. Give w(0).
-8
Let n(t) = t**3 + 8*t**2 - 2*t - 10. Let v(q) = -7*q - 1. Let a be v(1). Give n(a).
6
Let q be (-5)/((-20)/16) + 0. Let x(b) be the second derivative of b**4/12 - 7*b**3/6 + 3*b**2 + 7*b. What is x(q)?
-6
Let z be 2 + (-9 - 3/1). Let d = z + 10. Let k(t) = t - 1. What is k(d)?
-1
Let c = -6 - -4. Let k(n) = 2*n + 1. Let z(r) be the first derivative of r**2 + r + 2. Let y(o) = -6*k(o) + 7*z(o). What is y(c)?
-3
Suppose 0 + 6 = -z. Suppose -g + 4*g + 12 = -5*t, -4*t - 12 = 3*g. Let a(v) = 6*v**2 + t*v**3 - 11 + v**3 + 5. What is a(z)?
-6
Let k(f) = -6*f**2 - 3*f - 4. Let i(s) = 5*s**2 + 2*s + 3. Suppose 4*r - 9 - 3 = 0. Let u(x) = r*k(x) + 4*i(x). Give u(-2).
10
Let v(a) = 2*a**2 - 38*a - 7. Let w be v(19). Let b(u) = u**3 + 7*u**2 - u - 2. Calculate b(w).
5
Let z be 5*(1 - 6/15). Let a be -2*1/2*-3. Suppose -z*x = 5*m - 17, -5*x + 12 + a = 5*m. Let y(p) = p**3 - 3*p**2 - 4*p + 3. Give y(m).
3
Suppose -5*g + 38 = 5*u - 17, 5*u = g + 25. Let l(c) = -15 - c**2 + 6 - c - u*c + 0*c. Suppose 7 = -2*o + 5*i, i + 11 = -o - 4*i. What is l(o)?
-3
Let l = 10 - -6. Suppose l = -3*h - 2. Let z(x) = -x - 14. Determine z(h).
-8
Let f(p) be the first derivative of p**4/4 + p**3 + 2*p**2 - p - 6. Give f(-3).
-13
Let w(r) be the first derivative of -r**5/60 + r**4/12 + r**3/2 - 7*r**2/2 + 6. Let a(x) be the second derivative of w(x). Determine a(3).
0
Suppose -2*t + 4*b - 4 = -6*t, -4*t + b + 19 = 0. Let m be (-6)/12 + (-6)/t. Let q(a) = -a**2 + 2*a + 2. Calculate q(m).
-6
Let z(g) be the second derivative of -g**3/6 + g**2/2 + g. Suppose -5*v - 27 - 3 = 0. Let i be (1 - -3)/2 + v. Determine z(i).
5
Let l be (5/2 - 3)*2. Let c = -5 - l. Let j(k) = -k - 4. Determine j(c).
0
Let l(k) be the third derivative of 0*k + 0 + k**2 + 1/24*k**4 + 1/6*k**3. Give l(-4).
-3
Let i(m) = 5*m + 2. Let p(f) = 4*f + 1. Let x(t) = -2*i(t) + 3*p(t). What is x(2)?
3
Suppose 4*v - 34 = -5*q, 3*v - 3*q - 12 + 0 = 0. Let b = -1 + v. Let p(o) = o**2 - 5*o - 7. Determine p(b).
-7
Let j(g) = g**3 + 6*g**2 + 4*g + 1. Let w be j(-5). Suppose -3*d + 6 = -w*d. Let r(k) = 2*k**2 - 1 + 4*k - k**2 + 0. Give r(d).
-5
Let b = -41 + 20. Let l be 54/(-7) + 6/b. Let p be ((-3)/2)/((-6)/l). Let n(x) = -2*x - 3. What is n(p)?
1
Let v(z) = -z**2 - 3*z + 15. Let b be v(-5). Let i(s) = -s**2 + 6*s + 1. What is i(b)?
6
Let b(f) = 0*f - 27 + 8 - f + 0*f. Calculate b(0).
-19
Let l(n) be the third derivative of -n**6/120 - n**5/60 + n**4/8 - n**3/6 - n**2. Suppose 0*f = -o - f + 2, 4*o + 5*f = 13. Calculate l(o).
8
Let m(y) be the first derivative of -y**3/3 - y**2/2 - y + 1. Calculate m(-1).
-1
Let t(h) be the second derivative of -h**4/12 + 4*h**3/3 - 5*h**2/2 + 9*h. Determine t(8).
-5
Let m(h) = -3*h - 2. Let g(a) = -a + 1. Let t(v) = -g(v) - m(v). Let y be -4*(0 + 1)*(-2)/(-4). Determine t(y).
-7
Let q(j) = 4*j**2 - 11*j - 1. Let z(n) = n**2 - n - 1. Let u(a) = q(a) - 3*z(a). Calculate u(8).
2
Let v(z) = -16*z**2 + 11*z - 9. Let k(u) = -8*u**2 + 6*u - 5. Let a be (-10 - 1 - 0)*-1. Let i(f) = a*k(f) - 6*v(f). Determine i(-1).
7
Let q(b) = -b**2 + 3*b - 4. Let s = 21 - 18. Determine q(s).
-4
Let a(b) = b**3 - 5*b**2 + b + 5. Let d(l) = 2*l + 2. Let g be d(1). Give a(g).
-7
Let r(h) be the third derivative of -h**2 + 1/8*h**4 + 0*h - 1/60*h**5 + 2/3*h**3 + 0. Give r(4).
0
Suppose -4*w - n = -4*n + 3, -3*n + 3 = -w. Let m(j) = j**3 - j**2 + j - 5. Calculate m(w).
-5
Let a = 7 - 3. Suppose -2*y + 10 = 0, -4*y + 3 + 21 = a*h. Let x(z) = -6*z. Determine x(h).
-6
Let v(u) = -2*u + 1. Let c be v(-5). Let a = c - 8. Let m(h) = 3*h - 2 + h + 7 - a*h. Calculate m(-5).
0
Suppose 5*d = d + 12. Let q(t) be the second derivative of -t**5/60 + t**4/12 - t**2/2 - 2*t. Let x(o) be the first derivative of q(o). Determine x(d).
-3
Let i(a) = -a**2 + a. Let p be i(1). Let y(x) = -x**2 - x - 1. Let k(o) = -o**3 + 4*o**2 + 3*o + 5. Let b(m) = -k(m) - 4*y(m). Calculate b(p).
-1
Let r(y) = -y**3 - 7*y**2 + y + 8. Suppose -10*x = -4*x + 42. What is r(x)?
1
Let p(l) = l - 2. Let k be p(4). Let m(c) = 3*c - 2 + k - c**2. Let w(f) = f**2 + 13*f + 25. Let h be w(-11). Give m(h).
0
Suppose 17 = -j + 3*r + r, 5*j + r = 20. Let l(k) = -2*k**2 - 4*k**2 - 3*k + 2*k**2 + j*k**2. Suppose -3*m + 4*m = -5*o - 24, 0 = 5*m + 4*o + 36. Give l(m).
-4
Suppose -4*h - 15 - 1 = 0. Let p = h - -4. Suppose p*w - 5*g = w + 13, 0 = 2*w - 2*g + 2. Let c(a) = a + 5. Give c(w).
2
Let o(w) = -3*w + 2. Let z be o(2). Let n(m) = -m**3 - 4*m**2 + m + 3. Give n(z).
-1
Let s(w) be the second derivative of w**3/6 + 9*w**2/2 - w. Suppose 5*c + 555 - 180 = 0. Let j be (4/6)/(10/c). Give s(j).
4
Let p(r) = 3*r. Let b = -11 - -9. Let x = 4 + b. Calculate p(x).
6
Let o = 20 - -10. Suppose 0 = -7*a + 2*a + o. Let d(w) = -w**2 + 5*w + 7. Determine d(a).
1
Let p(d) = -d**2 - 7*d + 10. Let f(t) = t. Let x(v) = -6*f(v) - p(v). Let n(u) = -u**2 - u**3 - 3*u**2 + 2*u**3. Let g be n(4). Give x(g).
-10
Let m(k) be the second der